{"id":5,"date":"2023-04-04T16:23:43","date_gmt":"2023-04-04T14:23:43","guid":{"rendered":"https:\/\/atelieremiliefilimon.fr\/?page_id=5"},"modified":"2025-10-30T22:41:33","modified_gmt":"2025-10-30T21:41:33","slug":"conservation-restauration-tableaux","status":"publish","type":"page","link":"https:\/\/atelieremiliefilimon.fr\/","title":{"rendered":"ACCUEIL"},"content":{"rendered":"\n<div class=\"wp-block-cover alignfull\" style=\"border-style:none;border-width:0px;border-radius:0px;margin-top:0;margin-bottom:0;padding-top:var(--wp--preset--spacing--80);padding-right:0;padding-bottom:var(--wp--preset--spacing--80);padding-left:0\"><span aria-hidden=\"true\" class=\"wp-block-cover__background has-background-dim-0 has-background-dim\" style=\"background-color:#7c6556\"><\/span><img loading=\"lazy\" decoding=\"async\" width=\"2560\" height=\"813\" src=\"https:\/\/atelieremiliefilimon.fr\/wp-content\/uploads\/2024\/09\/IMG_8711-copie-scaled.jpeg\" class=\"wp-block-cover__image-background wp-post-image\" alt=\"\" data-object-fit=\"cover\" data-object-position=\"80% 77%\" style=\"object-position:80% 77%;\" srcset=\"https:\/\/atelieremiliefilimon.fr\/wp-content\/uploads\/2024\/09\/IMG_8711-copie-scaled.jpeg 2560w, https:\/\/atelieremiliefilimon.fr\/wp-content\/uploads\/2024\/09\/IMG_8711-copie-300x95.jpeg 300w, https:\/\/atelieremiliefilimon.fr\/wp-content\/uploads\/2024\/09\/IMG_8711-copie-1024x325.jpeg 1024w, https:\/\/atelieremiliefilimon.fr\/wp-content\/uploads\/2024\/09\/IMG_8711-copie-768x244.jpeg 768w, https:\/\/atelieremiliefilimon.fr\/wp-content\/uploads\/2024\/09\/IMG_8711-copie-1536x488.jpeg 1536w, https:\/\/atelieremiliefilimon.fr\/wp-content\/uploads\/2024\/09\/IMG_8711-copie-2048x651.jpeg 2048w\" sizes=\"auto, (max-width: 2560px) 100vw, 2560px\" \/><div class=\"wp-block-cover__inner-container is-layout-constrained wp-container-core-cover-is-layout-fe766018 wp-block-cover-is-layout-constrained\">\n<p class=\"has-text-align-center has-large-font-size\"><\/p>\n<\/div><\/div>\n\n\n\n<div class=\"wp-block-group has-small-font-size\" style=\"margin-top:0;margin-bottom:0;padding-top:0;padding-right:0rem;padding-bottom:0;padding-left:0rem\"><div class=\"wp-block-group__inner-container is-layout-constrained wp-container-core-group-is-layout-82d1f912 wp-block-group-is-layout-constrained\">\n<div class=\"wp-block-media-text alignwide is-stacked-on-mobile is-vertically-aligned-center home-description\" style=\"border-style:none;border-width:0px;margin-top:0;margin-right:0;margin-bottom:0;margin-left:0;padding-top:var(--wp--preset--spacing--80);padding-right:0;padding-bottom:var(--wp--preset--spacing--80);padding-left:0;grid-template-columns:47% auto\"><figure class=\"wp-block-media-text__media\"><img loading=\"lazy\" decoding=\"async\" width=\"1024\" height=\"721\" src=\"https:\/\/atelieremiliefilimon.fr\/wp-content\/uploads\/2025\/10\/Nettoyage-2-1024x721.jpg\" alt=\"\" class=\"wp-image-1259 size-full\" srcset=\"https:\/\/atelieremiliefilimon.fr\/wp-content\/uploads\/2025\/10\/Nettoyage-2-1024x721.jpg 1024w, https:\/\/atelieremiliefilimon.fr\/wp-content\/uploads\/2025\/10\/Nettoyage-2-300x211.jpg 300w, https:\/\/atelieremiliefilimon.fr\/wp-content\/uploads\/2025\/10\/Nettoyage-2-768x541.jpg 768w, https:\/\/atelieremiliefilimon.fr\/wp-content\/uploads\/2025\/10\/Nettoyage-2-1536x1081.jpg 1536w, https:\/\/atelieremiliefilimon.fr\/wp-content\/uploads\/2025\/10\/Nettoyage-2-2048x1441.jpg 2048w\" sizes=\"auto, (max-width: 1024px) 100vw, 1024px\" \/><\/figure><div class=\"wp-block-media-text__content\">\n<div class=\"wp-block-group\"><div class=\"wp-block-group__inner-container is-layout-constrained wp-block-group-is-layout-constrained\">\n<div class=\"wp-block-group has-small-font-size\"><div class=\"wp-block-group__inner-container is-layout-constrained wp-block-group-is-layout-constrained\">\n<div class=\"wp-block-group\"><div class=\"wp-block-group__inner-container is-layout-constrained wp-block-group-is-layout-constrained\">\n<div class=\"wp-block-group\" style=\"min-height:0px\"><div class=\"wp-block-group__inner-container is-layout-constrained wp-block-group-is-layout-constrained\">\n<div class=\"wp-block-group\" style=\"margin-top:var(--wp--preset--spacing--40);margin-bottom:var(--wp--preset--spacing--40)\"><div class=\"wp-block-group__inner-container is-layout-constrained wp-block-group-is-layout-constrained\">\n<p class=\"has-text-align-center\" style=\"border-style:none;border-width:0px;margin-top:0;margin-right:0;margin-bottom:0;margin-left:0;font-size:16px;font-style:normal;font-weight:300;line-height:1.6\">L&#8217;Atelier Emilie Filimon est sp\u00e9cialis\u00e9 dans la conservation et restauration de tableaux \u00e0 Paris et \u00e0 Dieppe en Normandie. Fort de son <a href=\"https:\/\/atelieremiliefilimon.fr\/index.php\/formation-emilie-filimon\/\" target=\"_blank\" rel=\"noreferrer noopener\">exp\u00e9rience<\/a> dans plusieurs ateliers, Emilie vous accueillera afin d&#8217;\u00e9couter votre demande. Elle vous fournira des documents pr\u00e9cis afin de d\u00e9tailler toutes les \u00e9tapes de la restauration.<br><br><\/p>\n\n\n\n<p class=\"has-text-align-center\" style=\"border-style:none;border-width:0px;margin-top:0;margin-right:0;margin-bottom:0;margin-left:0;font-size:16px;font-style:normal;font-weight:300;line-height:1.6\">Peu importe les alt\u00e9rations subies par vos tableaux, elle en prendra le plus grand soin en vous proposant des solutions adapt\u00e9es. Celles-ci permettront de les faire perdurer dans le temps et de conserver l&#8217;aspect d&#8217;origine voulu par l&#8217;artiste. Parmi les nombreux ateliers de restauration de tableaux \u00e0 Paris, Emilie saura se d\u00e9marquer en prenant en compte l&#8217;histoire de l&#8217;\u0153uvre, sa fragilit\u00e9 et s&#8217;impr\u00e9gner des techniques utilis\u00e9es par l&#8217;artiste.<br><br><\/p>\n\n\n\n<p class=\"has-text-align-center\" style=\"border-style:none;border-width:0px;margin-top:0;margin-right:0;margin-bottom:0;margin-left:0;font-size:16px;font-style:normal;font-weight:300;line-height:1.6\">Pour prendre rendez-vous ou demander des informations, dirigez-vous vers la page de contact en haut de l&#8217;\u00e9cran ou cliquez <a href=\"https:\/\/atelieremiliefilimon.fr\/index.php\/contact-atelier-emilie-filimon\/\" target=\"_blank\" rel=\"noreferrer noopener\">ici<\/a>.<\/p>\n<\/div><\/div>\n\n\n\n<div class=\"wp-block-buttons has-theme-palette-9-background-color has-background is-content-justification-center is-layout-flex wp-container-core-buttons-is-layout-16018d1d wp-block-buttons-is-layout-flex\">\n<div class=\"wp-block-button has-custom-width wp-block-button__width-50 is-style-fill\"><a class=\"wp-block-button__link has-background has-custom-font-size wp-element-button\" href=\"https:\/\/atelieremiliefilimon.fr\/index.php\/prestations-atelier-emilie-filimon\/\" style=\"border-style:none;border-width:0px;border-radius:100px;background-color:#ebc1b5;font-size:15px\" target=\"_blank\" rel=\"noreferrer noopener\">En savoir plus <\/a><\/div>\n<\/div>\n<\/div><\/div>\n<\/div><\/div>\n<\/div><\/div>\n<\/div><\/div>\n<\/div><\/div>\n<\/div><\/div>\n\n\n\n<div class=\"wp-block-group has-theme-palette-8-background-color has-background\"><div class=\"wp-block-group__inner-container is-layout-constrained wp-block-group-is-layout-constrained\">\n<p class=\"has-text-align-center has-text-color has-link-color has-large-font-size wp-elements-5003801e53b3d7111974e60f946deeff\" style=\"color:#755e49;font-style:normal;font-weight:400;letter-spacing:6px\">Quelques exemples de restaurations<\/p>\n\n\n\n<div class=\"wp-block-columns is-layout-flex wp-container-core-columns-is-layout-9d6595d7 wp-block-columns-is-layout-flex\">\n<div class=\"wp-block-column is-layout-flow wp-block-column-is-layout-flow\" style=\"flex-basis:33.34%\">\n\t\t\t\n\t<style type=\"text\/css\">\n\t\t.slider-info-1067.bafg-slider-info .bafg-slider-title {\n\t\t\t\t\t\t\tfont-size:\n\t\t\t\t\t22px\t\t\t\t;\n\t\t\t\n\t\t\t\n\t\t\t\t\t}\n\n\t\t.slider-info-1067.bafg-slider-info .bafg-slider-description {\n\t\t\t\n\t\t\t\n\t\t\t\t\t}\n\t\t\n\t\t\n\t\t.slider-info-1067.bafg-slider-info .bafg_slider_readmore_button {\n\t\t\t\n\t\t\t\n\t\t\t\n\t\t\t\n\t\t\t\n\t\t\ttext-align: center;\n\n\t\t\t\n\t\t\t\n\t\t\t\n\t\t\t\n\t\t\t\t\t}\n\n\t\t.slider-info-1067.bafg-slider-info .bafg_slider_readmore_button:hover {\n\n\t\t\t\n\t\t\t\n\t\t\t\t\t}\n\t<\/style>\n\t\n\t\t\t<div class=\"bafg-twentytwenty-container slider-1067  \"\n\t\t\t\tbafg-orientation=\"horizontal\" bafg-default-offset=\"0.5\"\n\t\t\t\tbafg-before-label=\"Before\"\n\t\t\t\tbafg-after-label=\"After\" bafg-overlay=\"1\"\n\t\t\t\tbafg-move-slider-on-hover=\"\"\n\t\t\t\tbafg-click-to-move=\"\">\n\n\t\t\t\t\t\t\t\t<img class=\"skip-lazy\" data-skip-lazy\t\t\t\t\tsrc=\"https:\/\/atelieremiliefilimon.fr\/wp-content\/uploads\/2025\/06\/IMG_2360-copie-scaled.jpg\" alt=\"tableau chats avant restauration\">\n\t\t\t\t<img class=\"skip-lazy\" data-skip-lazy\t\t\t\t\tsrc=\"https:\/\/atelieremiliefilimon.fr\/wp-content\/uploads\/2025\/06\/IMG_2950-copie-scaled.jpg\" alt=\"tableau chats apr\u00e8s restauration\">\n\n\t\t\t<\/div>\n\n\t\t\t\t<div class=\"bafg-slider-info-wraper\">\n\t\t<div style=\"\" class=\"slider-info-1067 bafg-slider-info\">\n\t\t\t\t\t<\/div>\n\t<\/div>\n\t\n\t\t\t<style type=\"text\/css\">\n\t\t\t\t\t\t\t\t\t\t\t<\/style>\n\t\t\t\n<\/div>\n\n\n\n<div class=\"wp-block-column is-layout-flow wp-block-column-is-layout-flow\" style=\"flex-basis:38.38%\">\n\t\t\t\n\t<style type=\"text\/css\">\n\t\t.slider-info-1085.bafg-slider-info .bafg-slider-title {\n\t\t\t\t\t\t\tfont-size:\n\t\t\t\t\t22px\t\t\t\t;\n\t\t\t\n\t\t\t\n\t\t\t\t\t}\n\n\t\t.slider-info-1085.bafg-slider-info .bafg-slider-description {\n\t\t\t\n\t\t\t\n\t\t\t\t\t}\n\t\t\n\t\t\n\t\t.slider-info-1085.bafg-slider-info .bafg_slider_readmore_button {\n\t\t\t\n\t\t\t\n\t\t\t\n\t\t\t\n\t\t\t\n\t\t\ttext-align: center;\n\n\t\t\t\n\t\t\t\n\t\t\t\n\t\t\t\n\t\t\t\t\t}\n\n\t\t.slider-info-1085.bafg-slider-info .bafg_slider_readmore_button:hover {\n\n\t\t\t\n\t\t\t\n\t\t\t\t\t}\n\t<\/style>\n\t\n\t\t\t<div class=\"bafg-twentytwenty-container slider-1085  \"\n\t\t\t\tbafg-orientation=\"horizontal\" bafg-default-offset=\"0.5\"\n\t\t\t\tbafg-before-label=\"Before\"\n\t\t\t\tbafg-after-label=\"After\" bafg-overlay=\"1\"\n\t\t\t\tbafg-move-slider-on-hover=\"\"\n\t\t\t\tbafg-click-to-move=\"\">\n\n\t\t\t\t\t\t\t\t<img class=\"skip-lazy\" data-skip-lazy\t\t\t\t\tsrc=\"https:\/\/atelieremiliefilimon.fr\/wp-content\/uploads\/2025\/06\/IMG_0747-copie-scaled-e1750171707192.jpg\" alt=\"huile sur isorel avant d\u00e9crassage\">\n\t\t\t\t<img class=\"skip-lazy\" data-skip-lazy\t\t\t\t\tsrc=\"https:\/\/atelieremiliefilimon.fr\/wp-content\/uploads\/2025\/06\/IMG_1627-copie-scaled-e1750171690609.jpg\" alt=\"huile sur isorel apr\u00e8s d\u00e9crassage\">\n\n\t\t\t<\/div>\n\n\t\t\t\t<div class=\"bafg-slider-info-wraper\">\n\t\t<div style=\"\" class=\"slider-info-1085 bafg-slider-info\">\n\t\t\t\t\t<\/div>\n\t<\/div>\n\t\n\t\t\t<style type=\"text\/css\">\n\t\t\t\t\t\t\t\t\t\t\t<\/style>\n\t\t\t\n<\/div>\n\n\n\n<div class=\"wp-block-column is-layout-flow wp-block-column-is-layout-flow\" style=\"flex-basis:32.34%\">\n\t\t\t\n\t<style type=\"text\/css\">\n\t\t.slider-info-1108.bafg-slider-info .bafg-slider-title {\n\t\t\t\t\t\t\tfont-size:\n\t\t\t\t\t22px\t\t\t\t;\n\t\t\t\n\t\t\t\n\t\t\t\t\t}\n\n\t\t.slider-info-1108.bafg-slider-info .bafg-slider-description {\n\t\t\t\n\t\t\t\n\t\t\t\t\t}\n\t\t\n\t\t\n\t\t.slider-info-1108.bafg-slider-info .bafg_slider_readmore_button {\n\t\t\t\n\t\t\t\n\t\t\t\n\t\t\t\n\t\t\t\n\t\t\ttext-align: center;\n\n\t\t\t\n\t\t\t\n\t\t\t\n\t\t\t\n\t\t\t\t\t}\n\n\t\t.slider-info-1108.bafg-slider-info .bafg_slider_readmore_button:hover {\n\n\t\t\t\n\t\t\t\n\t\t\t\t\t}\n\t<\/style>\n\t\n\t\t\t<div class=\"bafg-twentytwenty-container slider-1108  \"\n\t\t\t\tbafg-orientation=\"horizontal\" bafg-default-offset=\"0.5\"\n\t\t\t\tbafg-before-label=\"Before\"\n\t\t\t\tbafg-after-label=\"After\" bafg-overlay=\"1\"\n\t\t\t\tbafg-move-slider-on-hover=\"\"\n\t\t\t\tbafg-click-to-move=\"\">\n\n\t\t\t\t\t\t\t\t<img class=\"skip-lazy\" data-skip-lazy\t\t\t\t\tsrc=\"https:\/\/atelieremiliefilimon.fr\/wp-content\/uploads\/2025\/06\/IMG_3008-copie-scaled-e1750168565474.jpg\" alt=\"tableau avant nettoyage\">\n\t\t\t\t<img class=\"skip-lazy\" data-skip-lazy\t\t\t\t\tsrc=\"https:\/\/atelieremiliefilimon.fr\/wp-content\/uploads\/2025\/06\/IMG_3125-copie-scaled-e1750168545379.jpg\" alt=\"tableau apr\u00e8s nettoyage\">\n\n\t\t\t<\/div>\n\n\t\t\t\t<div class=\"bafg-slider-info-wraper\">\n\t\t<div style=\"\" class=\"slider-info-1108 bafg-slider-info\">\n\t\t\t\t\t<\/div>\n\t<\/div>\n\t\n\t\t\t<style type=\"text\/css\">\n\t\t\t\t\t\t\t\t\t\t\t<\/style>\n\t\t\t\n<\/div>\n<\/div>\n<\/div><\/div>\n\n\n\n<p><\/p>\n\n\n\n<p class=\"has-text-align-center\"><\/p>\n\n\n\n<p><\/p>\n","protected":false},"excerpt":{"rendered":"<p>L&#8217;Atelier Emilie Filimon est sp\u00e9cialis\u00e9 dans la conservation et restauration de tableaux \u00e0 Paris et \u00e0 Dieppe en Normandie. Fort de son exp\u00e9rience dans plusieurs ateliers, Emilie vous accueillera afin d&#8217;\u00e9couter votre demande. Elle vous fournira des documents pr\u00e9cis afin de d\u00e9tailler toutes les \u00e9tapes de la restauration. Peu importe les alt\u00e9rations subies par vos&#8230;<\/p>\n","protected":false},"author":1,"featured_media":1009,"parent":0,"menu_order":0,"comment_status":"open","ping_status":"closed","template":"","meta":{"_monsterinsights_skip_tracking":false,"_monsterinsights_sitenote_active":false,"_monsterinsights_sitenote_note":"","_monsterinsights_sitenote_category":0,"_uf_show_specific_survey":0,"_uf_disable_surveys":false,"_kad_post_transparent":"default","_kad_post_title":"default","_kad_post_layout":"default","_kad_post_sidebar_id":"","_kad_post_content_style":"unboxed","_kad_post_vertical_padding":"hide","_kad_post_feature":"hide","_kad_post_feature_position":"default","_kad_post_header":false,"_kad_post_footer":false,"footnotes":""},"class_list":["post-5","page","type-page","status-publish","has-post-thumbnail","hentry"],"yoast_head":"<!-- This site is optimized with the Yoast SEO plugin v26.4 - https:\/\/yoast.com\/wordpress\/plugins\/seo\/ -->\n<title>Restauration de tableaux Paris\/Dieppe | Emilie Filimon ACCUEIL - Atelier \u00c9milie Filimon<\/title>\n<meta name=\"description\" content=\"L&#039;atelier Emilie Filimon est sp\u00e9cialis\u00e9 dans la restauration de tableaux. Pr\u00e9sent \u00e0 Paris 12e (Bercy) et en Normandie, pr\u00e8s de Dieppe.\" \/>\n<meta name=\"robots\" content=\"index, follow, max-snippet:-1, max-image-preview:large, max-video-preview:-1\" \/>\n<link rel=\"canonical\" href=\"https:\/\/atelieremiliefilimon.fr\/\" \/>\n<meta property=\"og:locale\" content=\"fr_FR\" \/>\n<meta property=\"og:type\" content=\"article\" \/>\n<meta property=\"og:title\" content=\"Restauration de tableaux Paris\/Dieppe | Emilie Filimon ACCUEIL - Atelier \u00c9milie Filimon\" \/>\n<meta property=\"og:description\" content=\"L&#039;atelier Emilie Filimon est sp\u00e9cialis\u00e9 dans la restauration de tableaux. Pr\u00e9sent \u00e0 Paris 12e (Bercy) et en Normandie, pr\u00e8s de Dieppe.\" \/>\n<meta property=\"og:url\" content=\"https:\/\/atelieremiliefilimon.fr\/\" \/>\n<meta property=\"og:site_name\" content=\"Atelier \u00c9milie Filimon\" \/>\n<meta property=\"article:modified_time\" content=\"2025-10-30T21:41:33+00:00\" \/>\n<meta property=\"og:image\" content=\"https:\/\/atelieremiliefilimon.fr\/wp-content\/uploads\/2024\/09\/IMG_8711-copie-scaled.jpeg\" \/>\n\t<meta property=\"og:image:width\" content=\"2560\" \/>\n\t<meta property=\"og:image:height\" content=\"813\" \/>\n\t<meta property=\"og:image:type\" content=\"image\/jpeg\" \/>\n<meta name=\"twitter:card\" content=\"summary_large_image\" \/>\n<meta name=\"twitter:label1\" content=\"Dur\u00e9e de lecture estim\u00e9e\" \/>\n\t<meta name=\"twitter:data1\" content=\"2 minutes\" \/>\n<script type=\"application\/ld+json\" class=\"yoast-schema-graph\">{\"@context\":\"https:\/\/schema.org\",\"@graph\":[{\"@type\":\"WebPage\",\"@id\":\"https:\/\/atelieremiliefilimon.fr\/\",\"url\":\"https:\/\/atelieremiliefilimon.fr\/\",\"name\":\"Restauration de tableaux Paris\/Dieppe | Emilie Filimon ACCUEIL - Atelier \u00c9milie Filimon\",\"isPartOf\":{\"@id\":\"https:\/\/atelieremiliefilimon.fr\/#website\"},\"primaryImageOfPage\":{\"@id\":\"https:\/\/atelieremiliefilimon.fr\/#primaryimage\"},\"image\":{\"@id\":\"https:\/\/atelieremiliefilimon.fr\/#primaryimage\"},\"thumbnailUrl\":\"https:\/\/atelieremiliefilimon.fr\/wp-content\/uploads\/2024\/09\/IMG_8711-copie-scaled.jpeg\",\"datePublished\":\"2023-04-04T14:23:43+00:00\",\"dateModified\":\"2025-10-30T21:41:33+00:00\",\"description\":\"L'atelier Emilie Filimon est sp\u00e9cialis\u00e9 dans la restauration de tableaux. Pr\u00e9sent \u00e0 Paris 12e (Bercy) et en Normandie, pr\u00e8s de Dieppe.\",\"breadcrumb\":{\"@id\":\"https:\/\/atelieremiliefilimon.fr\/#breadcrumb\"},\"inLanguage\":\"fr-FR\",\"potentialAction\":[{\"@type\":\"ReadAction\",\"target\":[\"https:\/\/atelieremiliefilimon.fr\/\"]}]},{\"@type\":\"ImageObject\",\"inLanguage\":\"fr-FR\",\"@id\":\"https:\/\/atelieremiliefilimon.fr\/#primaryimage\",\"url\":\"https:\/\/atelieremiliefilimon.fr\/wp-content\/uploads\/2024\/09\/IMG_8711-copie-scaled.jpeg\",\"contentUrl\":\"https:\/\/atelieremiliefilimon.fr\/wp-content\/uploads\/2024\/09\/IMG_8711-copie-scaled.jpeg\",\"width\":2560,\"height\":813},{\"@type\":\"BreadcrumbList\",\"@id\":\"https:\/\/atelieremiliefilimon.fr\/#breadcrumb\",\"itemListElement\":[{\"@type\":\"ListItem\",\"position\":1,\"name\":\"Accueil\",\"item\":\"https:\/\/atelieremiliefilimon.fr\/\"},{\"@type\":\"ListItem\",\"position\":2,\"name\":\"ACCUEIL\"}]},{\"@type\":\"WebSite\",\"@id\":\"https:\/\/atelieremiliefilimon.fr\/#website\",\"url\":\"https:\/\/atelieremiliefilimon.fr\/\",\"name\":\"Atelier \u00c9milie Filimon\",\"description\":\"Restauration de tableaux\",\"publisher\":{\"@id\":\"https:\/\/atelieremiliefilimon.fr\/#organization\"},\"alternateName\":\"Restauration de tableaux\",\"potentialAction\":[{\"@type\":\"SearchAction\",\"target\":{\"@type\":\"EntryPoint\",\"urlTemplate\":\"https:\/\/atelieremiliefilimon.fr\/?s={search_term_string}\"},\"query-input\":{\"@type\":\"PropertyValueSpecification\",\"valueRequired\":true,\"valueName\":\"search_term_string\"}}],\"inLanguage\":\"fr-FR\"},{\"@type\":\"Organization\",\"@id\":\"https:\/\/atelieremiliefilimon.fr\/#organization\",\"name\":\"Atelier \u00c9milie Filimon Restauration de tableaux\",\"alternateName\":\"Restauration de tableaux\",\"url\":\"https:\/\/atelieremiliefilimon.fr\/\",\"logo\":{\"@type\":\"ImageObject\",\"inLanguage\":\"fr-FR\",\"@id\":\"https:\/\/atelieremiliefilimon.fr\/#\/schema\/logo\/image\/\",\"url\":\"https:\/\/atelieremiliefilimon.fr\/wp-content\/uploads\/2024\/03\/test-dallegement-de-vernis-scaled.jpg\",\"contentUrl\":\"https:\/\/atelieremiliefilimon.fr\/wp-content\/uploads\/2024\/03\/test-dallegement-de-vernis-scaled.jpg\",\"width\":2560,\"height\":1707,\"caption\":\"Atelier \u00c9milie Filimon Restauration de tableaux\"},\"image\":{\"@id\":\"https:\/\/atelieremiliefilimon.fr\/#\/schema\/logo\/image\/\"}}]}<\/script>\n<!-- \/ Yoast SEO plugin. -->","yoast_head_json":{"title":"Restauration de tableaux Paris\/Dieppe | Emilie Filimon ACCUEIL - Atelier \u00c9milie Filimon","description":"L'atelier Emilie Filimon est sp\u00e9cialis\u00e9 dans la restauration de tableaux. Pr\u00e9sent \u00e0 Paris 12e (Bercy) et en Normandie, pr\u00e8s de Dieppe.","robots":{"index":"index","follow":"follow","max-snippet":"max-snippet:-1","max-image-preview":"max-image-preview:large","max-video-preview":"max-video-preview:-1"},"canonical":"https:\/\/atelieremiliefilimon.fr\/","og_locale":"fr_FR","og_type":"article","og_title":"Restauration de tableaux Paris\/Dieppe | Emilie Filimon ACCUEIL - Atelier \u00c9milie Filimon","og_description":"L'atelier Emilie Filimon est sp\u00e9cialis\u00e9 dans la restauration de tableaux. Pr\u00e9sent \u00e0 Paris 12e (Bercy) et en Normandie, pr\u00e8s de Dieppe.","og_url":"https:\/\/atelieremiliefilimon.fr\/","og_site_name":"Atelier \u00c9milie Filimon","article_modified_time":"2025-10-30T21:41:33+00:00","og_image":[{"width":2560,"height":813,"url":"https:\/\/atelieremiliefilimon.fr\/wp-content\/uploads\/2024\/09\/IMG_8711-copie-scaled.jpeg","type":"image\/jpeg"}],"twitter_card":"summary_large_image","twitter_misc":{"Dur\u00e9e de lecture estim\u00e9e":"2 minutes"},"schema":{"@context":"https:\/\/schema.org","@graph":[{"@type":"WebPage","@id":"https:\/\/atelieremiliefilimon.fr\/","url":"https:\/\/atelieremiliefilimon.fr\/","name":"Restauration de tableaux Paris\/Dieppe | Emilie Filimon ACCUEIL - Atelier \u00c9milie Filimon","isPartOf":{"@id":"https:\/\/atelieremiliefilimon.fr\/#website"},"primaryImageOfPage":{"@id":"https:\/\/atelieremiliefilimon.fr\/#primaryimage"},"image":{"@id":"https:\/\/atelieremiliefilimon.fr\/#primaryimage"},"thumbnailUrl":"https:\/\/atelieremiliefilimon.fr\/wp-content\/uploads\/2024\/09\/IMG_8711-copie-scaled.jpeg","datePublished":"2023-04-04T14:23:43+00:00","dateModified":"2025-10-30T21:41:33+00:00","description":"L'atelier Emilie Filimon est sp\u00e9cialis\u00e9 dans la restauration de tableaux. Pr\u00e9sent \u00e0 Paris 12e (Bercy) et en Normandie, pr\u00e8s de Dieppe.","breadcrumb":{"@id":"https:\/\/atelieremiliefilimon.fr\/#breadcrumb"},"inLanguage":"fr-FR","potentialAction":[{"@type":"ReadAction","target":["https:\/\/atelieremiliefilimon.fr\/"]}]},{"@type":"ImageObject","inLanguage":"fr-FR","@id":"https:\/\/atelieremiliefilimon.fr\/#primaryimage","url":"https:\/\/atelieremiliefilimon.fr\/wp-content\/uploads\/2024\/09\/IMG_8711-copie-scaled.jpeg","contentUrl":"https:\/\/atelieremiliefilimon.fr\/wp-content\/uploads\/2024\/09\/IMG_8711-copie-scaled.jpeg","width":2560,"height":813},{"@type":"BreadcrumbList","@id":"https:\/\/atelieremiliefilimon.fr\/#breadcrumb","itemListElement":[{"@type":"ListItem","position":1,"name":"Accueil","item":"https:\/\/atelieremiliefilimon.fr\/"},{"@type":"ListItem","position":2,"name":"ACCUEIL"}]},{"@type":"WebSite","@id":"https:\/\/atelieremiliefilimon.fr\/#website","url":"https:\/\/atelieremiliefilimon.fr\/","name":"Atelier \u00c9milie Filimon","description":"Restauration de tableaux","publisher":{"@id":"https:\/\/atelieremiliefilimon.fr\/#organization"},"alternateName":"Restauration de tableaux","potentialAction":[{"@type":"SearchAction","target":{"@type":"EntryPoint","urlTemplate":"https:\/\/atelieremiliefilimon.fr\/?s={search_term_string}"},"query-input":{"@type":"PropertyValueSpecification","valueRequired":true,"valueName":"search_term_string"}}],"inLanguage":"fr-FR"},{"@type":"Organization","@id":"https:\/\/atelieremiliefilimon.fr\/#organization","name":"Atelier \u00c9milie Filimon Restauration de tableaux","alternateName":"Restauration de tableaux","url":"https:\/\/atelieremiliefilimon.fr\/","logo":{"@type":"ImageObject","inLanguage":"fr-FR","@id":"https:\/\/atelieremiliefilimon.fr\/#\/schema\/logo\/image\/","url":"https:\/\/atelieremiliefilimon.fr\/wp-content\/uploads\/2024\/03\/test-dallegement-de-vernis-scaled.jpg","contentUrl":"https:\/\/atelieremiliefilimon.fr\/wp-content\/uploads\/2024\/03\/test-dallegement-de-vernis-scaled.jpg","width":2560,"height":1707,"caption":"Atelier \u00c9milie Filimon Restauration de tableaux"},"image":{"@id":"https:\/\/atelieremiliefilimon.fr\/#\/schema\/logo\/image\/"}}]}},"_links":{"self":[{"href":"https:\/\/atelieremiliefilimon.fr\/index.php\/wp-json\/wp\/v2\/pages\/5","targetHints":{"allow":["GET"]}}],"collection":[{"href":"https:\/\/atelieremiliefilimon.fr\/index.php\/wp-json\/wp\/v2\/pages"}],"about":[{"href":"https:\/\/atelieremiliefilimon.fr\/index.php\/wp-json\/wp\/v2\/types\/page"}],"author":[{"embeddable":true,"href":"https:\/\/atelieremiliefilimon.fr\/index.php\/wp-json\/wp\/v2\/users\/1"}],"replies":[{"embeddable":true,"href":"https:\/\/atelieremiliefilimon.fr\/index.php\/wp-json\/wp\/v2\/comments?post=5"}],"version-history":[{"count":308,"href":"https:\/\/atelieremiliefilimon.fr\/index.php\/wp-json\/wp\/v2\/pages\/5\/revisions"}],"predecessor-version":[{"id":1270,"href":"https:\/\/atelieremiliefilimon.fr\/index.php\/wp-json\/wp\/v2\/pages\/5\/revisions\/1270"}],"wp:featuredmedia":[{"embeddable":true,"href":"https:\/\/atelieremiliefilimon.fr\/index.php\/wp-json\/wp\/v2\/media\/1009"}],"wp:attachment":[{"href":"https:\/\/atelieremiliefilimon.fr\/index.php\/wp-json\/wp\/v2\/media?parent=5"}],"curies":[{"name":"wp","href":"https:\/\/api.w.org\/{rel}","templated":true}]}}