{"id":58,"date":"2023-04-04T17:36:21","date_gmt":"2023-04-04T15:36:21","guid":{"rendered":"https:\/\/atelieremiliefilimon.fr\/?page_id=58"},"modified":"2025-06-29T18:31:16","modified_gmt":"2025-06-29T16:31:16","slug":"formation-emilie-filimon","status":"publish","type":"page","link":"https:\/\/atelieremiliefilimon.fr\/index.php\/formation-emilie-filimon\/","title":{"rendered":"PARCOURS"},"content":{"rendered":"\n<div class=\"wp-block-columns is-layout-flex wp-container-core-columns-is-layout-9d6595d7 wp-block-columns-is-layout-flex\">\n<div class=\"wp-block-column is-layout-flow wp-block-column-is-layout-flow\" style=\"flex-basis:33.33%\">\n<figure class=\"wp-block-image size-large\"><img loading=\"lazy\" decoding=\"async\" width=\"1024\" height=\"708\" src=\"https:\/\/atelieremiliefilimon.fr\/wp-content\/uploads\/2024\/03\/Parcours-1024x708.jpg\" alt=\"tableau en cours de retouche, page formation\" class=\"wp-image-690\" srcset=\"https:\/\/atelieremiliefilimon.fr\/wp-content\/uploads\/2024\/03\/Parcours-1024x708.jpg 1024w, https:\/\/atelieremiliefilimon.fr\/wp-content\/uploads\/2024\/03\/Parcours-300x207.jpg 300w, https:\/\/atelieremiliefilimon.fr\/wp-content\/uploads\/2024\/03\/Parcours-768x531.jpg 768w, https:\/\/atelieremiliefilimon.fr\/wp-content\/uploads\/2024\/03\/Parcours-1536x1062.jpg 1536w, https:\/\/atelieremiliefilimon.fr\/wp-content\/uploads\/2024\/03\/Parcours-2048x1416.jpg 2048w\" sizes=\"auto, (max-width: 1024px) 100vw, 1024px\" \/><\/figure>\n<\/div>\n\n\n\n<div class=\"wp-block-column is-layout-flow wp-block-column-is-layout-flow\" style=\"flex-basis:66.66%\">\n<p class=\"has-small-font-size\">La formation d&#8217;\u00c9milie Filimon, dipl\u00f4m\u00e9e d&#8217;un Master en Conservation-Restauration de peintures de chevalet de l&#8217;\u00c9cole de Cond\u00e9 \u00e0 Paris, en 2016, allie connaissances th\u00e9oriques en histoire de l&#8217;art et chimie et savoir-faire traditionnel acquis au cours de divers stages r\u00e9alis\u00e9s en France et \u00e0 l&#8217;\u00e9tranger. Gr\u00e2ce \u00e0 ces nombreuses exp\u00e9riences professionnelles, elle a pu apprendre le m\u00e9tier aux c\u00f4t\u00e9s de restaurateurs chevronn\u00e9s travaillant pour de prestigieux mus\u00e9es tels que la Galerie des Offices \u00e0 Florence en Italie.<br> <br>\u00c0 la suite de sa formation acad\u00e9mique, Emilie a obtenu une bourse m\u00e9tiers d&#8217;art d\u00e9cern\u00e9e par la Ville de Paris en 2017, qui lui a permis de se perfectionner et de se professionnaliser dans un atelier parisien renomm\u00e9 (<a href=\"https:\/\/www.bdmma.paris\/les-prix\/prix-savoir-faire-en-transmission\/emilie-guichet-restauratrice-a-l-atelier-catherine-polnecq\/\">lire l&#8217;article<\/a>).<br><br>Depuis 2018, elle travaille comme restauratrice ind\u00e9pendante entre Paris et la Normandie, sa r\u00e9gion natale. Elle propose ses services aux particuliers, collectionneurs, galeries, institutions priv\u00e9es&#8230; afin de redonner vie et \u00e9clat aux \u0153uvres qui lui sont confi\u00e9es tout en respectant leur int\u00e9grit\u00e9 esth\u00e9tique, historique et physique.<br><br>Emilie continue r\u00e9guli\u00e8rement \u00e0 s&#8217;informer des nouvelles avanc\u00e9es en mati\u00e8re de conservation-restauration d&#8217;oeuvres peintes et participe notamment \u00e0 des formations, conf\u00e9rences sp\u00e9cialis\u00e9es afin de toujours accro\u00eetre ses comp\u00e9tences et de pr\u00e9server au mieux notre riche patrimoine artistique.<br><br>Par ailleurs, Emilie appr\u00e9cie partager sa passion et son savoir-faire lors de salons en Normandie ou en r\u00e9gion parisienne. Cela lui permet non seulement de montrer les techniques complexes et d\u00e9licates utilis\u00e9es pour redonner vie \u00e0 des \u0153uvres d&#8217;art, mais aussi de sensibiliser le public \u00e0 l&#8217;importance de la pr\u00e9servation du patrimoine culturel. Ces interactions enrichissantes cr\u00e9ent un lien unique entre l&#8217;artisan restaurateur et le public.<br><br>Toute l&#8217;actualit\u00e9 de la vie de l&#8217;atelier est \u00e0 suivre sur les r\u00e9seaux (<a href=\"https:\/\/www.instagram.com\/atelier_emilie_filimon\/\">voir la page<\/a>). <\/p>\n<\/div>\n<\/div>\n\n\n\n<p><\/p>\n\n\n\n<div class=\"wp-block-buttons is-horizontal is-content-justification-center is-layout-flex wp-container-core-buttons-is-layout-769315fb wp-block-buttons-is-layout-flex\">\n<div class=\"wp-block-button has-custom-width wp-block-button__width-25 is-style-fill\"><a class=\"wp-block-button__link has-background has-text-align-center has-custom-font-size wp-element-button\" href=\"https:\/\/atelieremiliefilimon.fr\/index.php\/contact-atelier-emilie-filimon\/\" style=\"border-style:none;border-width:0px;border-radius:100px;background-color:#ebc1b5;padding-right:0;padding-left:0;font-size:15px\">CONTACT<\/a><\/div>\n<\/div>\n","protected":false},"excerpt":{"rendered":"<p>La formation d&#8217;\u00c9milie Filimon, dipl\u00f4m\u00e9e d&#8217;un Master en Conservation-Restauration de peintures de chevalet de l&#8217;\u00c9cole de Cond\u00e9 \u00e0 Paris, en 2016, allie connaissances th\u00e9oriques en histoire de l&#8217;art et chimie et savoir-faire traditionnel acquis au cours de divers stages r\u00e9alis\u00e9s en France et \u00e0 l&#8217;\u00e9tranger. Gr\u00e2ce \u00e0 ces nombreuses exp\u00e9riences professionnelles, elle a pu apprendre&#8230;<\/p>\n","protected":false},"author":1,"featured_media":0,"parent":0,"menu_order":0,"comment_status":"closed","ping_status":"closed","template":"","meta":{"_monsterinsights_skip_tracking":false,"_monsterinsights_sitenote_active":false,"_monsterinsights_sitenote_note":"","_monsterinsights_sitenote_category":0,"_uf_show_specific_survey":0,"_uf_disable_surveys":false,"_kad_post_transparent":"","_kad_post_title":"","_kad_post_layout":"","_kad_post_sidebar_id":"","_kad_post_content_style":"","_kad_post_vertical_padding":"","_kad_post_feature":"","_kad_post_feature_position":"","_kad_post_header":false,"_kad_post_footer":false,"footnotes":""},"class_list":["post-58","page","type-page","status-publish","hentry"],"yoast_head":"<!-- This site is optimized with the Yoast SEO plugin v26.4 - https:\/\/yoast.com\/wordpress\/plugins\/seo\/ -->\n<title>Formation PARCOURS - Atelier \u00c9milie Filimon<\/title>\n<meta name=\"description\" content=\"En savoir plus sur la formation d&#039;Emilie Filimon, restauratrice dipl\u00f4m\u00e9e d&#039;un Master en Conservation-Restauration de peintures de chevalet.\" \/>\n<meta name=\"robots\" content=\"index, follow, max-snippet:-1, max-image-preview:large, max-video-preview:-1\" \/>\n<link rel=\"canonical\" href=\"https:\/\/atelieremiliefilimon.fr\/index.php\/formation-emilie-filimon\/\" \/>\n<meta property=\"og:locale\" content=\"fr_FR\" \/>\n<meta property=\"og:type\" content=\"article\" \/>\n<meta property=\"og:title\" content=\"Formation PARCOURS - Atelier \u00c9milie Filimon\" \/>\n<meta property=\"og:description\" content=\"En savoir plus sur la formation d&#039;Emilie Filimon, restauratrice dipl\u00f4m\u00e9e d&#039;un Master en Conservation-Restauration de peintures de chevalet.\" \/>\n<meta property=\"og:url\" content=\"https:\/\/atelieremiliefilimon.fr\/index.php\/formation-emilie-filimon\/\" \/>\n<meta property=\"og:site_name\" content=\"Atelier \u00c9milie Filimon\" \/>\n<meta property=\"article:modified_time\" content=\"2025-06-29T16:31:16+00:00\" \/>\n<meta property=\"og:image\" content=\"https:\/\/atelieremiliefilimon.fr\/wp-content\/uploads\/2024\/03\/Parcours-scaled.jpg\" \/>\n\t<meta property=\"og:image:width\" content=\"2560\" \/>\n\t<meta property=\"og:image:height\" content=\"1769\" \/>\n\t<meta property=\"og:image:type\" content=\"image\/jpeg\" \/>\n<meta name=\"twitter:card\" content=\"summary_large_image\" \/>\n<meta name=\"twitter:label1\" content=\"Dur\u00e9e de lecture estim\u00e9e\" \/>\n\t<meta name=\"twitter:data1\" content=\"2 minutes\" \/>\n<script type=\"application\/ld+json\" class=\"yoast-schema-graph\">{\"@context\":\"https:\/\/schema.org\",\"@graph\":[{\"@type\":\"WebPage\",\"@id\":\"https:\/\/atelieremiliefilimon.fr\/index.php\/formation-emilie-filimon\/\",\"url\":\"https:\/\/atelieremiliefilimon.fr\/index.php\/formation-emilie-filimon\/\",\"name\":\"Formation PARCOURS - Atelier \u00c9milie Filimon\",\"isPartOf\":{\"@id\":\"https:\/\/atelieremiliefilimon.fr\/#website\"},\"primaryImageOfPage\":{\"@id\":\"https:\/\/atelieremiliefilimon.fr\/index.php\/formation-emilie-filimon\/#primaryimage\"},\"image\":{\"@id\":\"https:\/\/atelieremiliefilimon.fr\/index.php\/formation-emilie-filimon\/#primaryimage\"},\"thumbnailUrl\":\"https:\/\/atelieremiliefilimon.fr\/wp-content\/uploads\/2024\/03\/Parcours-1024x708.jpg\",\"datePublished\":\"2023-04-04T15:36:21+00:00\",\"dateModified\":\"2025-06-29T16:31:16+00:00\",\"description\":\"En savoir plus sur la formation d'Emilie Filimon, restauratrice dipl\u00f4m\u00e9e d'un Master en Conservation-Restauration de peintures de chevalet.\",\"breadcrumb\":{\"@id\":\"https:\/\/atelieremiliefilimon.fr\/index.php\/formation-emilie-filimon\/#breadcrumb\"},\"inLanguage\":\"fr-FR\",\"potentialAction\":[{\"@type\":\"ReadAction\",\"target\":[\"https:\/\/atelieremiliefilimon.fr\/index.php\/formation-emilie-filimon\/\"]}]},{\"@type\":\"ImageObject\",\"inLanguage\":\"fr-FR\",\"@id\":\"https:\/\/atelieremiliefilimon.fr\/index.php\/formation-emilie-filimon\/#primaryimage\",\"url\":\"https:\/\/atelieremiliefilimon.fr\/wp-content\/uploads\/2024\/03\/Parcours-scaled.jpg\",\"contentUrl\":\"https:\/\/atelieremiliefilimon.fr\/wp-content\/uploads\/2024\/03\/Parcours-scaled.jpg\",\"width\":2560,\"height\":1769},{\"@type\":\"BreadcrumbList\",\"@id\":\"https:\/\/atelieremiliefilimon.fr\/index.php\/formation-emilie-filimon\/#breadcrumb\",\"itemListElement\":[{\"@type\":\"ListItem\",\"position\":1,\"name\":\"Accueil\",\"item\":\"https:\/\/atelieremiliefilimon.fr\/\"},{\"@type\":\"ListItem\",\"position\":2,\"name\":\"PARCOURS\"}]},{\"@type\":\"WebSite\",\"@id\":\"https:\/\/atelieremiliefilimon.fr\/#website\",\"url\":\"https:\/\/atelieremiliefilimon.fr\/\",\"name\":\"Atelier \u00c9milie Filimon\",\"description\":\"Restauration de tableaux\",\"publisher\":{\"@id\":\"https:\/\/atelieremiliefilimon.fr\/#organization\"},\"alternateName\":\"Restauration de tableaux\",\"potentialAction\":[{\"@type\":\"SearchAction\",\"target\":{\"@type\":\"EntryPoint\",\"urlTemplate\":\"https:\/\/atelieremiliefilimon.fr\/?s={search_term_string}\"},\"query-input\":{\"@type\":\"PropertyValueSpecification\",\"valueRequired\":true,\"valueName\":\"search_term_string\"}}],\"inLanguage\":\"fr-FR\"},{\"@type\":\"Organization\",\"@id\":\"https:\/\/atelieremiliefilimon.fr\/#organization\",\"name\":\"Atelier \u00c9milie Filimon Restauration de tableaux\",\"alternateName\":\"Restauration de tableaux\",\"url\":\"https:\/\/atelieremiliefilimon.fr\/\",\"logo\":{\"@type\":\"ImageObject\",\"inLanguage\":\"fr-FR\",\"@id\":\"https:\/\/atelieremiliefilimon.fr\/#\/schema\/logo\/image\/\",\"url\":\"https:\/\/atelieremiliefilimon.fr\/wp-content\/uploads\/2024\/03\/test-dallegement-de-vernis-scaled.jpg\",\"contentUrl\":\"https:\/\/atelieremiliefilimon.fr\/wp-content\/uploads\/2024\/03\/test-dallegement-de-vernis-scaled.jpg\",\"width\":2560,\"height\":1707,\"caption\":\"Atelier \u00c9milie Filimon Restauration de tableaux\"},\"image\":{\"@id\":\"https:\/\/atelieremiliefilimon.fr\/#\/schema\/logo\/image\/\"}}]}<\/script>\n<!-- \/ Yoast SEO plugin. -->","yoast_head_json":{"title":"Formation PARCOURS - Atelier \u00c9milie Filimon","description":"En savoir plus sur la formation d'Emilie Filimon, restauratrice dipl\u00f4m\u00e9e d'un Master en Conservation-Restauration de peintures de chevalet.","robots":{"index":"index","follow":"follow","max-snippet":"max-snippet:-1","max-image-preview":"max-image-preview:large","max-video-preview":"max-video-preview:-1"},"canonical":"https:\/\/atelieremiliefilimon.fr\/index.php\/formation-emilie-filimon\/","og_locale":"fr_FR","og_type":"article","og_title":"Formation PARCOURS - Atelier \u00c9milie Filimon","og_description":"En savoir plus sur la formation d'Emilie Filimon, restauratrice dipl\u00f4m\u00e9e d'un Master en Conservation-Restauration de peintures de chevalet.","og_url":"https:\/\/atelieremiliefilimon.fr\/index.php\/formation-emilie-filimon\/","og_site_name":"Atelier \u00c9milie Filimon","article_modified_time":"2025-06-29T16:31:16+00:00","og_image":[{"width":2560,"height":1769,"url":"https:\/\/atelieremiliefilimon.fr\/wp-content\/uploads\/2024\/03\/Parcours-scaled.jpg","type":"image\/jpeg"}],"twitter_card":"summary_large_image","twitter_misc":{"Dur\u00e9e de lecture estim\u00e9e":"2 minutes"},"schema":{"@context":"https:\/\/schema.org","@graph":[{"@type":"WebPage","@id":"https:\/\/atelieremiliefilimon.fr\/index.php\/formation-emilie-filimon\/","url":"https:\/\/atelieremiliefilimon.fr\/index.php\/formation-emilie-filimon\/","name":"Formation PARCOURS - Atelier \u00c9milie Filimon","isPartOf":{"@id":"https:\/\/atelieremiliefilimon.fr\/#website"},"primaryImageOfPage":{"@id":"https:\/\/atelieremiliefilimon.fr\/index.php\/formation-emilie-filimon\/#primaryimage"},"image":{"@id":"https:\/\/atelieremiliefilimon.fr\/index.php\/formation-emilie-filimon\/#primaryimage"},"thumbnailUrl":"https:\/\/atelieremiliefilimon.fr\/wp-content\/uploads\/2024\/03\/Parcours-1024x708.jpg","datePublished":"2023-04-04T15:36:21+00:00","dateModified":"2025-06-29T16:31:16+00:00","description":"En savoir plus sur la formation d'Emilie Filimon, restauratrice dipl\u00f4m\u00e9e d'un Master en Conservation-Restauration de peintures de chevalet.","breadcrumb":{"@id":"https:\/\/atelieremiliefilimon.fr\/index.php\/formation-emilie-filimon\/#breadcrumb"},"inLanguage":"fr-FR","potentialAction":[{"@type":"ReadAction","target":["https:\/\/atelieremiliefilimon.fr\/index.php\/formation-emilie-filimon\/"]}]},{"@type":"ImageObject","inLanguage":"fr-FR","@id":"https:\/\/atelieremiliefilimon.fr\/index.php\/formation-emilie-filimon\/#primaryimage","url":"https:\/\/atelieremiliefilimon.fr\/wp-content\/uploads\/2024\/03\/Parcours-scaled.jpg","contentUrl":"https:\/\/atelieremiliefilimon.fr\/wp-content\/uploads\/2024\/03\/Parcours-scaled.jpg","width":2560,"height":1769},{"@type":"BreadcrumbList","@id":"https:\/\/atelieremiliefilimon.fr\/index.php\/formation-emilie-filimon\/#breadcrumb","itemListElement":[{"@type":"ListItem","position":1,"name":"Accueil","item":"https:\/\/atelieremiliefilimon.fr\/"},{"@type":"ListItem","position":2,"name":"PARCOURS"}]},{"@type":"WebSite","@id":"https:\/\/atelieremiliefilimon.fr\/#website","url":"https:\/\/atelieremiliefilimon.fr\/","name":"Atelier \u00c9milie Filimon","description":"Restauration de tableaux","publisher":{"@id":"https:\/\/atelieremiliefilimon.fr\/#organization"},"alternateName":"Restauration de tableaux","potentialAction":[{"@type":"SearchAction","target":{"@type":"EntryPoint","urlTemplate":"https:\/\/atelieremiliefilimon.fr\/?s={search_term_string}"},"query-input":{"@type":"PropertyValueSpecification","valueRequired":true,"valueName":"search_term_string"}}],"inLanguage":"fr-FR"},{"@type":"Organization","@id":"https:\/\/atelieremiliefilimon.fr\/#organization","name":"Atelier \u00c9milie Filimon Restauration de tableaux","alternateName":"Restauration de tableaux","url":"https:\/\/atelieremiliefilimon.fr\/","logo":{"@type":"ImageObject","inLanguage":"fr-FR","@id":"https:\/\/atelieremiliefilimon.fr\/#\/schema\/logo\/image\/","url":"https:\/\/atelieremiliefilimon.fr\/wp-content\/uploads\/2024\/03\/test-dallegement-de-vernis-scaled.jpg","contentUrl":"https:\/\/atelieremiliefilimon.fr\/wp-content\/uploads\/2024\/03\/test-dallegement-de-vernis-scaled.jpg","width":2560,"height":1707,"caption":"Atelier \u00c9milie Filimon Restauration de tableaux"},"image":{"@id":"https:\/\/atelieremiliefilimon.fr\/#\/schema\/logo\/image\/"}}]}},"_links":{"self":[{"href":"https:\/\/atelieremiliefilimon.fr\/index.php\/wp-json\/wp\/v2\/pages\/58","targetHints":{"allow":["GET"]}}],"collection":[{"href":"https:\/\/atelieremiliefilimon.fr\/index.php\/wp-json\/wp\/v2\/pages"}],"about":[{"href":"https:\/\/atelieremiliefilimon.fr\/index.php\/wp-json\/wp\/v2\/types\/page"}],"author":[{"embeddable":true,"href":"https:\/\/atelieremiliefilimon.fr\/index.php\/wp-json\/wp\/v2\/users\/1"}],"replies":[{"embeddable":true,"href":"https:\/\/atelieremiliefilimon.fr\/index.php\/wp-json\/wp\/v2\/comments?post=58"}],"version-history":[{"count":70,"href":"https:\/\/atelieremiliefilimon.fr\/index.php\/wp-json\/wp\/v2\/pages\/58\/revisions"}],"predecessor-version":[{"id":1235,"href":"https:\/\/atelieremiliefilimon.fr\/index.php\/wp-json\/wp\/v2\/pages\/58\/revisions\/1235"}],"wp:attachment":[{"href":"https:\/\/atelieremiliefilimon.fr\/index.php\/wp-json\/wp\/v2\/media?parent=58"}],"curies":[{"name":"wp","href":"https:\/\/api.w.org\/{rel}","templated":true}]}}