{"id":61,"date":"2023-04-04T17:37:08","date_gmt":"2023-04-04T15:37:08","guid":{"rendered":"https:\/\/atelieremiliefilimon.fr\/?page_id=61"},"modified":"2025-09-09T11:10:45","modified_gmt":"2025-09-09T09:10:45","slug":"contact-atelier-emilie-filimon","status":"publish","type":"page","link":"https:\/\/atelieremiliefilimon.fr\/index.php\/contact-atelier-emilie-filimon\/","title":{"rendered":"CONTACT"},"content":{"rendered":"\n<div class=\"wp-block-columns is-layout-flex wp-container-core-columns-is-layout-9d6595d7 wp-block-columns-is-layout-flex\">\n<div class=\"wp-block-column is-vertically-aligned-center is-layout-flow wp-block-column-is-layout-flow\">\n<div style=\"height:77px\" aria-hidden=\"true\" class=\"wp-block-spacer\"><\/div>\n\n\n\n<p class=\"has-text-align-center\">N&#8217;h\u00e9sitez pas \u00e0 nous contacter pour toute demande d&#8217;information.<br><strong>Les devis sont&nbsp;gratuits.<\/strong><br>Nous recevons&nbsp;uniquement<strong>&nbsp;<\/strong>sur rendez-vous.<br>Possibilit\u00e9 de nous d\u00e9placer pour r\u00e9aliser un devis sous certaines conditions.<\/p>\n\n\n\n<p class=\"has-text-align-center\"><strong>Atelier Emilie Filimon<\/strong><br>Restauration de tableaux<br>Paris, 75012<br>T\u00e9l. : 0675740907<br>e-mail : emilie.guichet.art@gmail.com<\/p>\n\n\n<div class=\"wp-block-image is-style-default\">\n<figure class=\"aligncenter size-full is-resized\"><img loading=\"lazy\" decoding=\"async\" width=\"1058\" height=\"1497\" src=\"https:\/\/atelieremiliefilimon.fr\/wp-content\/uploads\/2024\/03\/logo-artisan-art-fond-blanc-3-pdf.jpg\" alt=\"\" class=\"wp-image-829\" style=\"aspect-ratio:1;object-fit:cover;width:230px;height:auto\"\/><\/figure>\n<\/div>\n\n\n<div class=\"wp-block-columns is-layout-flex wp-container-core-columns-is-layout-9d6595d7 wp-block-columns-is-layout-flex\">\n<div class=\"wp-block-column is-layout-flow wp-block-column-is-layout-flow\" style=\"flex-basis:25%\"><\/div>\n\n\n\n<div class=\"wp-block-column is-layout-flow wp-block-column-is-layout-flow\" style=\"flex-basis:50%\">\n<hr class=\"wp-block-separator has-alpha-channel-opacity is-style-wide\" style=\"margin-top:var(--wp--preset--spacing--30);margin-bottom:var(--wp--preset--spacing--30)\"\/>\n<\/div>\n\n\n\n<div class=\"wp-block-column is-layout-flow wp-block-column-is-layout-flow\" style=\"flex-basis:25%\"><\/div>\n<\/div>\n<\/div>\n<\/div>\n\n\n\n<p class=\"has-small-font-size\" style=\"padding-right:var(--wp--preset--spacing--80);padding-left:var(--wp--preset--spacing--80);font-style:normal;font-weight:300\"><br><\/p>\n\n\n\n<div class=\"wp-block-columns is-layout-flex wp-container-core-columns-is-layout-9d6595d7 wp-block-columns-is-layout-flex\">\n<div class=\"wp-block-column is-layout-flow wp-block-column-is-layout-flow\" style=\"flex-basis:25%\"><\/div>\n\n\n\n<div class=\"wp-block-column is-layout-flow wp-block-column-is-layout-flow\" style=\"flex-basis:50%\"><\/div>\n\n\n\n<div class=\"wp-block-column is-layout-flow wp-block-column-is-layout-flow\" style=\"flex-basis:25%\"><\/div>\n<\/div>\n","protected":false},"excerpt":{"rendered":"<p>N&#8217;h\u00e9sitez pas \u00e0 nous contacter pour toute demande d&#8217;information.Les devis sont&nbsp;gratuits.Nous recevons&nbsp;uniquement&nbsp;sur rendez-vous.Possibilit\u00e9 de nous d\u00e9placer pour r\u00e9aliser un devis sous certaines conditions. Atelier Emilie FilimonRestauration de tableauxParis, 75012T\u00e9l. : 0675740907e-mail : emilie.guichet.art@gmail.com<\/p>\n","protected":false},"author":1,"featured_media":0,"parent":0,"menu_order":0,"comment_status":"closed","ping_status":"closed","template":"","meta":{"_monsterinsights_skip_tracking":false,"_monsterinsights_sitenote_active":false,"_monsterinsights_sitenote_note":"","_monsterinsights_sitenote_category":0,"_uf_show_specific_survey":0,"_uf_disable_surveys":false,"_kad_post_transparent":"","_kad_post_title":"hide","_kad_post_layout":"fullwidth","_kad_post_sidebar_id":"","_kad_post_content_style":"unboxed","_kad_post_vertical_padding":"hide","_kad_post_feature":"hide","_kad_post_feature_position":"","_kad_post_header":false,"_kad_post_footer":false,"footnotes":""},"class_list":["post-61","page","type-page","status-publish","hentry"],"yoast_head":"<!-- This site is optimized with the Yoast SEO plugin v26.4 - https:\/\/yoast.com\/wordpress\/plugins\/seo\/ -->\n<title>CONTACT - Atelier \u00c9milie Filimon<\/title>\n<meta name=\"description\" content=\"Contact Atelier Emilie Filimon. Conservation-Restauration de tableaux. Paris 12e (Bercy) - Dieppe. Uniquement sur rendez-vous. Devis gratuit.\" \/>\n<meta name=\"robots\" content=\"index, follow, max-snippet:-1, max-image-preview:large, max-video-preview:-1\" \/>\n<link rel=\"canonical\" href=\"https:\/\/atelieremiliefilimon.fr\/index.php\/contact-atelier-emilie-filimon\/\" \/>\n<meta property=\"og:locale\" content=\"fr_FR\" \/>\n<meta property=\"og:type\" content=\"article\" \/>\n<meta property=\"og:title\" content=\"CONTACT - Atelier \u00c9milie Filimon\" \/>\n<meta property=\"og:description\" content=\"Contact Atelier Emilie Filimon. Conservation-Restauration de tableaux. Paris 12e (Bercy) - Dieppe. Uniquement sur rendez-vous. Devis gratuit.\" \/>\n<meta property=\"og:url\" content=\"https:\/\/atelieremiliefilimon.fr\/index.php\/contact-atelier-emilie-filimon\/\" \/>\n<meta property=\"og:site_name\" content=\"Atelier \u00c9milie Filimon\" \/>\n<meta property=\"article:modified_time\" content=\"2025-09-09T09:10:45+00:00\" \/>\n<meta name=\"twitter:card\" content=\"summary_large_image\" \/>\n<meta name=\"twitter:label1\" content=\"Dur\u00e9e de lecture estim\u00e9e\" \/>\n\t<meta name=\"twitter:data1\" content=\"1 minute\" \/>\n<script type=\"application\/ld+json\" class=\"yoast-schema-graph\">{\"@context\":\"https:\/\/schema.org\",\"@graph\":[{\"@type\":\"WebPage\",\"@id\":\"https:\/\/atelieremiliefilimon.fr\/index.php\/contact-atelier-emilie-filimon\/\",\"url\":\"https:\/\/atelieremiliefilimon.fr\/index.php\/contact-atelier-emilie-filimon\/\",\"name\":\"CONTACT - Atelier \u00c9milie Filimon\",\"isPartOf\":{\"@id\":\"https:\/\/atelieremiliefilimon.fr\/#website\"},\"primaryImageOfPage\":{\"@id\":\"https:\/\/atelieremiliefilimon.fr\/index.php\/contact-atelier-emilie-filimon\/#primaryimage\"},\"image\":{\"@id\":\"https:\/\/atelieremiliefilimon.fr\/index.php\/contact-atelier-emilie-filimon\/#primaryimage\"},\"thumbnailUrl\":\"https:\/\/atelieremiliefilimon.fr\/wp-content\/uploads\/2024\/03\/logo-artisan-art-fond-blanc-3-pdf.jpg\",\"datePublished\":\"2023-04-04T15:37:08+00:00\",\"dateModified\":\"2025-09-09T09:10:45+00:00\",\"description\":\"Contact Atelier Emilie Filimon. Conservation-Restauration de tableaux. Paris 12e (Bercy) - Dieppe. Uniquement sur rendez-vous. Devis gratuit.\",\"breadcrumb\":{\"@id\":\"https:\/\/atelieremiliefilimon.fr\/index.php\/contact-atelier-emilie-filimon\/#breadcrumb\"},\"inLanguage\":\"fr-FR\",\"potentialAction\":[{\"@type\":\"ReadAction\",\"target\":[\"https:\/\/atelieremiliefilimon.fr\/index.php\/contact-atelier-emilie-filimon\/\"]}]},{\"@type\":\"ImageObject\",\"inLanguage\":\"fr-FR\",\"@id\":\"https:\/\/atelieremiliefilimon.fr\/index.php\/contact-atelier-emilie-filimon\/#primaryimage\",\"url\":\"https:\/\/atelieremiliefilimon.fr\/wp-content\/uploads\/2024\/03\/logo-artisan-art-fond-blanc-3-pdf.jpg\",\"contentUrl\":\"https:\/\/atelieremiliefilimon.fr\/wp-content\/uploads\/2024\/03\/logo-artisan-art-fond-blanc-3-pdf.jpg\"},{\"@type\":\"BreadcrumbList\",\"@id\":\"https:\/\/atelieremiliefilimon.fr\/index.php\/contact-atelier-emilie-filimon\/#breadcrumb\",\"itemListElement\":[{\"@type\":\"ListItem\",\"position\":1,\"name\":\"Accueil\",\"item\":\"https:\/\/atelieremiliefilimon.fr\/\"},{\"@type\":\"ListItem\",\"position\":2,\"name\":\"CONTACT\"}]},{\"@type\":\"WebSite\",\"@id\":\"https:\/\/atelieremiliefilimon.fr\/#website\",\"url\":\"https:\/\/atelieremiliefilimon.fr\/\",\"name\":\"Atelier \u00c9milie Filimon\",\"description\":\"Restauration de tableaux\",\"publisher\":{\"@id\":\"https:\/\/atelieremiliefilimon.fr\/#organization\"},\"alternateName\":\"Restauration de tableaux\",\"potentialAction\":[{\"@type\":\"SearchAction\",\"target\":{\"@type\":\"EntryPoint\",\"urlTemplate\":\"https:\/\/atelieremiliefilimon.fr\/?s={search_term_string}\"},\"query-input\":{\"@type\":\"PropertyValueSpecification\",\"valueRequired\":true,\"valueName\":\"search_term_string\"}}],\"inLanguage\":\"fr-FR\"},{\"@type\":\"Organization\",\"@id\":\"https:\/\/atelieremiliefilimon.fr\/#organization\",\"name\":\"Atelier \u00c9milie Filimon Restauration de tableaux\",\"alternateName\":\"Restauration de tableaux\",\"url\":\"https:\/\/atelieremiliefilimon.fr\/\",\"logo\":{\"@type\":\"ImageObject\",\"inLanguage\":\"fr-FR\",\"@id\":\"https:\/\/atelieremiliefilimon.fr\/#\/schema\/logo\/image\/\",\"url\":\"https:\/\/atelieremiliefilimon.fr\/wp-content\/uploads\/2024\/03\/test-dallegement-de-vernis-scaled.jpg\",\"contentUrl\":\"https:\/\/atelieremiliefilimon.fr\/wp-content\/uploads\/2024\/03\/test-dallegement-de-vernis-scaled.jpg\",\"width\":2560,\"height\":1707,\"caption\":\"Atelier \u00c9milie Filimon Restauration de tableaux\"},\"image\":{\"@id\":\"https:\/\/atelieremiliefilimon.fr\/#\/schema\/logo\/image\/\"}}]}<\/script>\n<!-- \/ Yoast SEO plugin. -->","yoast_head_json":{"title":"CONTACT - Atelier \u00c9milie Filimon","description":"Contact Atelier Emilie Filimon. Conservation-Restauration de tableaux. Paris 12e (Bercy) - Dieppe. Uniquement sur rendez-vous. Devis gratuit.","robots":{"index":"index","follow":"follow","max-snippet":"max-snippet:-1","max-image-preview":"max-image-preview:large","max-video-preview":"max-video-preview:-1"},"canonical":"https:\/\/atelieremiliefilimon.fr\/index.php\/contact-atelier-emilie-filimon\/","og_locale":"fr_FR","og_type":"article","og_title":"CONTACT - Atelier \u00c9milie Filimon","og_description":"Contact Atelier Emilie Filimon. Conservation-Restauration de tableaux. Paris 12e (Bercy) - Dieppe. Uniquement sur rendez-vous. Devis gratuit.","og_url":"https:\/\/atelieremiliefilimon.fr\/index.php\/contact-atelier-emilie-filimon\/","og_site_name":"Atelier \u00c9milie Filimon","article_modified_time":"2025-09-09T09:10:45+00:00","twitter_card":"summary_large_image","twitter_misc":{"Dur\u00e9e de lecture estim\u00e9e":"1 minute"},"schema":{"@context":"https:\/\/schema.org","@graph":[{"@type":"WebPage","@id":"https:\/\/atelieremiliefilimon.fr\/index.php\/contact-atelier-emilie-filimon\/","url":"https:\/\/atelieremiliefilimon.fr\/index.php\/contact-atelier-emilie-filimon\/","name":"CONTACT - Atelier \u00c9milie Filimon","isPartOf":{"@id":"https:\/\/atelieremiliefilimon.fr\/#website"},"primaryImageOfPage":{"@id":"https:\/\/atelieremiliefilimon.fr\/index.php\/contact-atelier-emilie-filimon\/#primaryimage"},"image":{"@id":"https:\/\/atelieremiliefilimon.fr\/index.php\/contact-atelier-emilie-filimon\/#primaryimage"},"thumbnailUrl":"https:\/\/atelieremiliefilimon.fr\/wp-content\/uploads\/2024\/03\/logo-artisan-art-fond-blanc-3-pdf.jpg","datePublished":"2023-04-04T15:37:08+00:00","dateModified":"2025-09-09T09:10:45+00:00","description":"Contact Atelier Emilie Filimon. Conservation-Restauration de tableaux. Paris 12e (Bercy) - Dieppe. Uniquement sur rendez-vous. Devis gratuit.","breadcrumb":{"@id":"https:\/\/atelieremiliefilimon.fr\/index.php\/contact-atelier-emilie-filimon\/#breadcrumb"},"inLanguage":"fr-FR","potentialAction":[{"@type":"ReadAction","target":["https:\/\/atelieremiliefilimon.fr\/index.php\/contact-atelier-emilie-filimon\/"]}]},{"@type":"ImageObject","inLanguage":"fr-FR","@id":"https:\/\/atelieremiliefilimon.fr\/index.php\/contact-atelier-emilie-filimon\/#primaryimage","url":"https:\/\/atelieremiliefilimon.fr\/wp-content\/uploads\/2024\/03\/logo-artisan-art-fond-blanc-3-pdf.jpg","contentUrl":"https:\/\/atelieremiliefilimon.fr\/wp-content\/uploads\/2024\/03\/logo-artisan-art-fond-blanc-3-pdf.jpg"},{"@type":"BreadcrumbList","@id":"https:\/\/atelieremiliefilimon.fr\/index.php\/contact-atelier-emilie-filimon\/#breadcrumb","itemListElement":[{"@type":"ListItem","position":1,"name":"Accueil","item":"https:\/\/atelieremiliefilimon.fr\/"},{"@type":"ListItem","position":2,"name":"CONTACT"}]},{"@type":"WebSite","@id":"https:\/\/atelieremiliefilimon.fr\/#website","url":"https:\/\/atelieremiliefilimon.fr\/","name":"Atelier \u00c9milie Filimon","description":"Restauration de tableaux","publisher":{"@id":"https:\/\/atelieremiliefilimon.fr\/#organization"},"alternateName":"Restauration de tableaux","potentialAction":[{"@type":"SearchAction","target":{"@type":"EntryPoint","urlTemplate":"https:\/\/atelieremiliefilimon.fr\/?s={search_term_string}"},"query-input":{"@type":"PropertyValueSpecification","valueRequired":true,"valueName":"search_term_string"}}],"inLanguage":"fr-FR"},{"@type":"Organization","@id":"https:\/\/atelieremiliefilimon.fr\/#organization","name":"Atelier \u00c9milie Filimon Restauration de tableaux","alternateName":"Restauration de tableaux","url":"https:\/\/atelieremiliefilimon.fr\/","logo":{"@type":"ImageObject","inLanguage":"fr-FR","@id":"https:\/\/atelieremiliefilimon.fr\/#\/schema\/logo\/image\/","url":"https:\/\/atelieremiliefilimon.fr\/wp-content\/uploads\/2024\/03\/test-dallegement-de-vernis-scaled.jpg","contentUrl":"https:\/\/atelieremiliefilimon.fr\/wp-content\/uploads\/2024\/03\/test-dallegement-de-vernis-scaled.jpg","width":2560,"height":1707,"caption":"Atelier \u00c9milie Filimon Restauration de tableaux"},"image":{"@id":"https:\/\/atelieremiliefilimon.fr\/#\/schema\/logo\/image\/"}}]}},"_links":{"self":[{"href":"https:\/\/atelieremiliefilimon.fr\/index.php\/wp-json\/wp\/v2\/pages\/61","targetHints":{"allow":["GET"]}}],"collection":[{"href":"https:\/\/atelieremiliefilimon.fr\/index.php\/wp-json\/wp\/v2\/pages"}],"about":[{"href":"https:\/\/atelieremiliefilimon.fr\/index.php\/wp-json\/wp\/v2\/types\/page"}],"author":[{"embeddable":true,"href":"https:\/\/atelieremiliefilimon.fr\/index.php\/wp-json\/wp\/v2\/users\/1"}],"replies":[{"embeddable":true,"href":"https:\/\/atelieremiliefilimon.fr\/index.php\/wp-json\/wp\/v2\/comments?post=61"}],"version-history":[{"count":34,"href":"https:\/\/atelieremiliefilimon.fr\/index.php\/wp-json\/wp\/v2\/pages\/61\/revisions"}],"predecessor-version":[{"id":1255,"href":"https:\/\/atelieremiliefilimon.fr\/index.php\/wp-json\/wp\/v2\/pages\/61\/revisions\/1255"}],"wp:attachment":[{"href":"https:\/\/atelieremiliefilimon.fr\/index.php\/wp-json\/wp\/v2\/media?parent=61"}],"curies":[{"name":"wp","href":"https:\/\/api.w.org\/{rel}","templated":true}]}}